{"version":"1.0","provider_name":"Krakow Film Festival","provider_url":"https:\/\/www.krakowfilmfestival.pl\/en\/","author_name":"Barbara Szyma\u0144ska","author_url":"https:\/\/www.krakowfilmfestival.pl\/en\/author\/barbaraszymanska\/","title":"The second day of the 63rd Krakow FIlm Festival! - Krakow Film Festival","type":"rich","width":600,"height":338,"html":"<blockquote class=\"wp-embedded-content\" data-secret=\"pU01iG4qLt\"><a href=\"https:\/\/www.krakowfilmfestival.pl\/en\/witamy-w-drugim-dniu-63-krakowskiego-festiwalu-filmowego\/\">The second day of the 63rd Krakow FIlm Festival!<\/a><\/blockquote><iframe sandbox=\"allow-scripts\" security=\"restricted\" src=\"https:\/\/www.krakowfilmfestival.pl\/en\/witamy-w-drugim-dniu-63-krakowskiego-festiwalu-filmowego\/embed\/#?secret=pU01iG4qLt\" width=\"600\" height=\"338\" title=\"&#8220;The second day of the 63rd Krakow FIlm Festival!&#8221; &#8212; Krakow Film Festival\" data-secret=\"pU01iG4qLt\" frameborder=\"0\" marginwidth=\"0\" marginheight=\"0\" scrolling=\"no\" class=\"wp-embedded-content\"><\/iframe><script type=\"text\/javascript\">\n\/*! This file is auto-generated *\/\n!function(d,l){\"use strict\";var e=!1,o=!1;if(l.querySelector)if(d.addEventListener)e=!0;if(d.wp=d.wp||{},!d.wp.receiveEmbedMessage)if(d.wp.receiveEmbedMessage=function(e){var t=e.data;if(t)if(t.secret||t.message||t.value)if(!\/[^a-zA-Z0-9]\/.test(t.secret)){for(var r,a,i,s=l.querySelectorAll('iframe[data-secret=\"'+t.secret+'\"]'),n=l.querySelectorAll('blockquote[data-secret=\"'+t.secret+'\"]'),o=new RegExp(\"^https?:$\",\"i\"),c=0;c<n.length;c++)n[c].style.display=\"none\";for(c=0;c<s.length;c++)if(r=s[c],e.source===r.contentWindow){if(r.removeAttribute(\"style\"),\"height\"===t.message){if(1e3<(i=parseInt(t.value,10)))i=1e3;else if(~~i<200)i=200;r.height=i}if(\"link\"===t.message)if(a=l.createElement(\"a\"),i=l.createElement(\"a\"),a.href=r.getAttribute(\"src\"),i.href=t.value,o.test(i.protocol))if(i.host===a.host)if(l.activeElement===r)d.top.location.href=t.value}}},e)d.addEventListener(\"message\",d.wp.receiveEmbedMessage,!1),l.addEventListener(\"DOMContentLoaded\",t,!1),d.addEventListener(\"load\",t,!1);function t(){if(!o){o=!0;for(var e,t,r,a=-1!==navigator.appVersion.indexOf(\"MSIE 10\"),i=!!navigator.userAgent.match(\/Trident.*rv:11\\.\/),s=l.querySelectorAll(\"iframe.wp-embedded-content\"),n=0;n<s.length;n++){if(!(r=(t=s[n]).getAttribute(\"data-secret\")))r=Math.random().toString(36).substr(2,10),t.src+=\"#?secret=\"+r,t.setAttribute(\"data-secret\",r);if(a||i)(e=t.cloneNode(!0)).removeAttribute(\"security\"),t.parentNode.replaceChild(e,t);t.contentWindow.postMessage({message:\"ready\",secret:r},\"*\")}}}}(window,document);\n<\/script>\n","thumbnail_url":"https:\/\/www.krakowfilmfestival.pl\/wp-content\/uploads\/2023\/04\/piesni-ziemi-rez--margreth-olin2.jpg","thumbnail_width":1024,"thumbnail_height":576,"description":"INsider! Welcome to the second day of the 63rd Krakow FIlm Festival!&nbsp;Let&#8217;s step INside! Today in cINemas, i.a.: 15:00, Kino Pod Baranami, Blue Room, The Time after the Rain, dir. J\u00falia Gir\u00f3s, Pol Picas, Nina Sol\u00e0 + Q&amp;A 16:30, Kino Pod Baranami, Red Room, God is Born, dir. Piotr Szczepa\u0144ski, Smell of the Ground, dir. [&hellip;]"}

Barbara Szymańska

INsider! Welcome to the second day of the 63rd Krakow FIlm Festival!&nbsp;Let&#8217;s step INside! Today in cINemas, i.a.: 15:00, Kino Pod Baranami, Blue Room, The Time after the Rain, dir. Júlia Girós, Pol Picas, Nina Solà + Q&amp;A 16:30, Kino Pod Baranami, Red Room, God is Born, dir. Piotr Szczepański, Smell of the Ground, dir. [&hellip;]
