{"id":41705,"date":"2022-09-10T16:58:32","date_gmt":"2022-09-10T14:58:32","guid":{"rendered":"https:\/\/www.krakowfilmfestival.pl\/?post_type=kff_archiwum&#038;p=41705"},"modified":"2022-10-20T19:04:16","modified_gmt":"2022-10-20T17:04:16","slug":"dragon-of-dragons-2","status":"publish","type":"kff_archiwum","link":"https:\/\/www.krakowfilmfestival.pl\/en\/archiwum\/dragon-of-dragons-2\/","title":{"rendered":"Dragon of Dragons"},"content":{"rendered":"<div class=\"row\">\n<div class=\"col-md-4\"><img class=\"img-fluid mb-3\" src=\"https:\/\/www.krakowfilmfestival.pl\/wp-content\/uploads\/2022\/01\/szkola-filmowa-w-lodzi-i-rok-studiow-1965_66_1-729x507.jpg\" \/><\/div>\n<div class=\"col-md-8\">\n<h2>Jarmo J\u00e4\u00e4skel\u00e4inen<\/h2>\n<h6>1937-2022<\/h6>\n<p>Jarmo J\u00e4\u00e4skel\u00e4inen &#8211; Finnish journalist, producer and director of documentaries. J\u00e4\u00e4skel\u00e4inen began his studies at the \u0141\u00f3d\u017a Film School in 1965, then stayed in Poland for many years, documenting the turbulent events of the 1970s and the 1980s thoroughly and without any censorship. He continued his career in Finland as a director, producer, and teacher. He founded a Documentary Project on YLE TV2. In 1998 he was awarded the honorary title of professor and in 2011 a lifetime achievement award from the Finnish Television Academy.<\/p>\n<\/div>\n<\/div>\n","protected":false},"template":"","acf":[],"yoast_head":"<!-- This site is optimized with the Yoast SEO plugin v18.9 - https:\/\/yoast.com\/wordpress\/plugins\/seo\/ -->\n<title>Dragon of Dragons - Krakow Film Festival<\/title>\n<meta name=\"robots\" content=\"noindex, follow\" \/>\n<meta property=\"og:locale\" content=\"en_US\" \/>\n<meta property=\"og:type\" content=\"article\" \/>\n<meta property=\"og:title\" content=\"Dragon of Dragons - Krakow Film Festival\" \/>\n<meta property=\"og:description\" content=\"Jarmo J\u00e4\u00e4skel\u00e4inen 1937-2022 Jarmo J\u00e4\u00e4skel\u00e4inen &#8211; Finnish journalist, producer and director of documentaries. J\u00e4\u00e4skel\u00e4inen began his studies at the \u0141\u00f3d\u017a Film School in 1965, then stayed in Poland for many years, documenting the turbulent events of the 1970s and the 1980s thoroughly and without any censorship. He continued his career in Finland as a director, [&hellip;]\" \/>\n<meta property=\"og:url\" content=\"https:\/\/www.krakowfilmfestival.pl\/en\/archiwum\/dragon-of-dragons-2\/\" \/>\n<meta property=\"og:site_name\" content=\"Krakow Film Festival\" \/>\n<meta property=\"article:publisher\" content=\"https:\/\/www.facebook.com\/krakowfilmfest\/\" \/>\n<meta property=\"article:modified_time\" content=\"2022-10-20T17:04:16+00:00\" \/>\n<meta property=\"og:image\" content=\"https:\/\/www.krakowfilmfestival.pl\/wp-content\/uploads\/2022\/01\/szkola-filmowa-w-lodzi-i-rok-studiow-1965_66_1-729x507.jpg\" \/>\n<meta name=\"twitter:card\" content=\"summary_large_image\" \/>\n<meta name=\"twitter:site\" content=\"@krakowfilmfest\" \/>\n<script type=\"application\/ld+json\" class=\"yoast-schema-graph\">{\"@context\":\"https:\/\/schema.org\",\"@graph\":[{\"@type\":\"Organization\",\"@id\":\"https:\/\/www.krakowfilmfestival.pl\/en\/#organization\",\"name\":\"Krakowski Festiwal Filmowy\",\"url\":\"https:\/\/www.krakowfilmfestival.pl\/en\/\",\"sameAs\":[\"https:\/\/www.instagram.com\/krakowfilmfestival\/\",\"https:\/\/www.youtube.com\/user\/KrakowFilmFoundation\",\"https:\/\/pl.wikipedia.org\/wiki\/Krakowski_Festiwal_Filmowy\",\"https:\/\/www.facebook.com\/krakowfilmfest\/\",\"https:\/\/twitter.com\/krakowfilmfest\"],\"logo\":{\"@type\":\"ImageObject\",\"inLanguage\":\"en-US\",\"@id\":\"https:\/\/www.krakowfilmfestival.pl\/en\/#\/schema\/logo\/image\/\",\"url\":\"https:\/\/www.krakowfilmfestival.pl\/wp-content\/uploads\/2024\/03\/logokff_uniwersalne.jpg\",\"contentUrl\":\"https:\/\/www.krakowfilmfestival.pl\/wp-content\/uploads\/2024\/03\/logokff_uniwersalne.jpg\",\"width\":1241,\"height\":699,\"caption\":\"Krakowski Festiwal Filmowy\"},\"image\":{\"@id\":\"https:\/\/www.krakowfilmfestival.pl\/en\/#\/schema\/logo\/image\/\"}},{\"@type\":\"WebSite\",\"@id\":\"https:\/\/www.krakowfilmfestival.pl\/en\/#website\",\"url\":\"https:\/\/www.krakowfilmfestival.pl\/en\/\",\"name\":\"Krakow Film Festival\",\"description\":\"In Cracow since 1961\",\"publisher\":{\"@id\":\"https:\/\/www.krakowfilmfestival.pl\/en\/#organization\"},\"potentialAction\":[{\"@type\":\"SearchAction\",\"target\":{\"@type\":\"EntryPoint\",\"urlTemplate\":\"https:\/\/www.krakowfilmfestival.pl\/en\/?s={search_term_string}\"},\"query-input\":\"required name=search_term_string\"}],\"inLanguage\":\"en-US\"},{\"@type\":\"ImageObject\",\"inLanguage\":\"en-US\",\"@id\":\"https:\/\/www.krakowfilmfestival.pl\/en\/archiwum\/dragon-of-dragons-2\/#primaryimage\",\"url\":\"https:\/\/www.krakowfilmfestival.pl\/wp-content\/uploads\/2022\/01\/szkola-filmowa-w-lodzi-i-rok-studiow-1965_66_1.jpg\",\"contentUrl\":\"https:\/\/www.krakowfilmfestival.pl\/wp-content\/uploads\/2022\/01\/szkola-filmowa-w-lodzi-i-rok-studiow-1965_66_1.jpg\",\"width\":1280,\"height\":890,\"caption\":\"Jarmo Jaaskelainen - student I roku wydzia\u0142u re\u017cyserii, jesie\u0144 1965 r. Sala wyk\u0142adowa - dzisiaj sala senatu.\"},{\"@type\":\"WebPage\",\"@id\":\"https:\/\/www.krakowfilmfestival.pl\/en\/archiwum\/dragon-of-dragons-2\/#webpage\",\"url\":\"https:\/\/www.krakowfilmfestival.pl\/en\/archiwum\/dragon-of-dragons-2\/\",\"name\":\"Dragon of Dragons - Krakow Film Festival\",\"isPartOf\":{\"@id\":\"https:\/\/www.krakowfilmfestival.pl\/en\/#website\"},\"primaryImageOfPage\":{\"@id\":\"https:\/\/www.krakowfilmfestival.pl\/en\/archiwum\/dragon-of-dragons-2\/#primaryimage\"},\"datePublished\":\"2022-09-10T14:58:32+00:00\",\"dateModified\":\"2022-10-20T17:04:16+00:00\",\"breadcrumb\":{\"@id\":\"https:\/\/www.krakowfilmfestival.pl\/en\/archiwum\/dragon-of-dragons-2\/#breadcrumb\"},\"inLanguage\":\"en-US\",\"potentialAction\":[{\"@type\":\"ReadAction\",\"target\":[\"https:\/\/www.krakowfilmfestival.pl\/en\/archiwum\/dragon-of-dragons-2\/\"]}]},{\"@type\":\"BreadcrumbList\",\"@id\":\"https:\/\/www.krakowfilmfestival.pl\/en\/archiwum\/dragon-of-dragons-2\/#breadcrumb\",\"itemListElement\":[{\"@type\":\"ListItem\",\"position\":1,\"name\":\"Strona g\u0142\u00f3wna\",\"item\":\"https:\/\/www.krakowfilmfestival.pl\/en\/\"},{\"@type\":\"ListItem\",\"position\":2,\"name\":\"Dragon of Dragons\"}]}]}<\/script>\n<!-- \/ Yoast SEO plugin. -->","yoast_head_json":{"title":"Dragon of Dragons - Krakow Film Festival","robots":{"index":"noindex","follow":"follow"},"og_locale":"en_US","og_type":"article","og_title":"Dragon of Dragons - Krakow Film Festival","og_description":"Jarmo J\u00e4\u00e4skel\u00e4inen 1937-2022 Jarmo J\u00e4\u00e4skel\u00e4inen &#8211; Finnish journalist, producer and director of documentaries. J\u00e4\u00e4skel\u00e4inen began his studies at the \u0141\u00f3d\u017a Film School in 1965, then stayed in Poland for many years, documenting the turbulent events of the 1970s and the 1980s thoroughly and without any censorship. He continued his career in Finland as a director, [&hellip;]","og_url":"https:\/\/www.krakowfilmfestival.pl\/en\/archiwum\/dragon-of-dragons-2\/","og_site_name":"Krakow Film Festival","article_publisher":"https:\/\/www.facebook.com\/krakowfilmfest\/","article_modified_time":"2022-10-20T17:04:16+00:00","og_image":[{"url":"https:\/\/www.krakowfilmfestival.pl\/wp-content\/uploads\/2022\/01\/szkola-filmowa-w-lodzi-i-rok-studiow-1965_66_1-729x507.jpg"}],"twitter_card":"summary_large_image","twitter_site":"@krakowfilmfest","schema":{"@context":"https:\/\/schema.org","@graph":[{"@type":"Organization","@id":"https:\/\/www.krakowfilmfestival.pl\/en\/#organization","name":"Krakowski Festiwal Filmowy","url":"https:\/\/www.krakowfilmfestival.pl\/en\/","sameAs":["https:\/\/www.instagram.com\/krakowfilmfestival\/","https:\/\/www.youtube.com\/user\/KrakowFilmFoundation","https:\/\/pl.wikipedia.org\/wiki\/Krakowski_Festiwal_Filmowy","https:\/\/www.facebook.com\/krakowfilmfest\/","https:\/\/twitter.com\/krakowfilmfest"],"logo":{"@type":"ImageObject","inLanguage":"en-US","@id":"https:\/\/www.krakowfilmfestival.pl\/en\/#\/schema\/logo\/image\/","url":"https:\/\/www.krakowfilmfestival.pl\/wp-content\/uploads\/2024\/03\/logokff_uniwersalne.jpg","contentUrl":"https:\/\/www.krakowfilmfestival.pl\/wp-content\/uploads\/2024\/03\/logokff_uniwersalne.jpg","width":1241,"height":699,"caption":"Krakowski Festiwal Filmowy"},"image":{"@id":"https:\/\/www.krakowfilmfestival.pl\/en\/#\/schema\/logo\/image\/"}},{"@type":"WebSite","@id":"https:\/\/www.krakowfilmfestival.pl\/en\/#website","url":"https:\/\/www.krakowfilmfestival.pl\/en\/","name":"Krakow Film Festival","description":"In Cracow since 1961","publisher":{"@id":"https:\/\/www.krakowfilmfestival.pl\/en\/#organization"},"potentialAction":[{"@type":"SearchAction","target":{"@type":"EntryPoint","urlTemplate":"https:\/\/www.krakowfilmfestival.pl\/en\/?s={search_term_string}"},"query-input":"required name=search_term_string"}],"inLanguage":"en-US"},{"@type":"ImageObject","inLanguage":"en-US","@id":"https:\/\/www.krakowfilmfestival.pl\/en\/archiwum\/dragon-of-dragons-2\/#primaryimage","url":"https:\/\/www.krakowfilmfestival.pl\/wp-content\/uploads\/2022\/01\/szkola-filmowa-w-lodzi-i-rok-studiow-1965_66_1.jpg","contentUrl":"https:\/\/www.krakowfilmfestival.pl\/wp-content\/uploads\/2022\/01\/szkola-filmowa-w-lodzi-i-rok-studiow-1965_66_1.jpg","width":1280,"height":890,"caption":"Jarmo Jaaskelainen - student I roku wydzia\u0142u re\u017cyserii, jesie\u0144 1965 r. Sala wyk\u0142adowa - dzisiaj sala senatu."},{"@type":"WebPage","@id":"https:\/\/www.krakowfilmfestival.pl\/en\/archiwum\/dragon-of-dragons-2\/#webpage","url":"https:\/\/www.krakowfilmfestival.pl\/en\/archiwum\/dragon-of-dragons-2\/","name":"Dragon of Dragons - Krakow Film Festival","isPartOf":{"@id":"https:\/\/www.krakowfilmfestival.pl\/en\/#website"},"primaryImageOfPage":{"@id":"https:\/\/www.krakowfilmfestival.pl\/en\/archiwum\/dragon-of-dragons-2\/#primaryimage"},"datePublished":"2022-09-10T14:58:32+00:00","dateModified":"2022-10-20T17:04:16+00:00","breadcrumb":{"@id":"https:\/\/www.krakowfilmfestival.pl\/en\/archiwum\/dragon-of-dragons-2\/#breadcrumb"},"inLanguage":"en-US","potentialAction":[{"@type":"ReadAction","target":["https:\/\/www.krakowfilmfestival.pl\/en\/archiwum\/dragon-of-dragons-2\/"]}]},{"@type":"BreadcrumbList","@id":"https:\/\/www.krakowfilmfestival.pl\/en\/archiwum\/dragon-of-dragons-2\/#breadcrumb","itemListElement":[{"@type":"ListItem","position":1,"name":"Strona g\u0142\u00f3wna","item":"https:\/\/www.krakowfilmfestival.pl\/en\/"},{"@type":"ListItem","position":2,"name":"Dragon of Dragons"}]}]}},"_links":{"self":[{"href":"https:\/\/www.krakowfilmfestival.pl\/en\/wp-json\/wp\/v2\/kff_archiwum\/41705"}],"collection":[{"href":"https:\/\/www.krakowfilmfestival.pl\/en\/wp-json\/wp\/v2\/kff_archiwum"}],"about":[{"href":"https:\/\/www.krakowfilmfestival.pl\/en\/wp-json\/wp\/v2\/types\/kff_archiwum"}],"wp:attachment":[{"href":"https:\/\/www.krakowfilmfestival.pl\/en\/wp-json\/wp\/v2\/media?parent=41705"}],"curies":[{"name":"wp","href":"https:\/\/api.w.org\/{rel}","templated":true}]}}

<div class="row">
<div class="col-md-4"><img class="img-fluid mb-3" src="https://www.krakowfilmfestival.pl/wp-content/uploads/2022/01/szkola-filmowa-w-lodzi-i-rok-studiow-1965_66_1-729x507.jpg" /></div>
<div class="col-md-8">
<h2>Jarmo Jääskeläinen</h2>
<h6>1937-2022</h6>
<p>Jarmo Jääskeläinen &#8211; Finnish journalist, producer and director of documentaries. Jääskeläinen began his studies at the Łódź Film School in 1965, then stayed in Poland for many years, documenting the turbulent events of the 1970s and the 1980s thoroughly and without any censorship. He continued his career in Finland as a director, producer, and teacher. He founded a Documentary Project on YLE TV2. In 1998 he was awarded the honorary title of professor and in 2011 a lifetime achievement award from the Finnish Television Academy.</p>
</div>
</div>

<!-- This site is optimized with the Yoast SEO plugin v18.9 - https://yoast.com/wordpress/plugins/seo/ -->
<title>Dragon of Dragons - Krakow Film Festival</title>
<meta name="robots" content="noindex, follow" />
<meta property="og:locale" content="en_US" />
<meta property="og:type" content="article" />
<meta property="og:title" content="Dragon of Dragons - Krakow Film Festival" />
<meta property="og:description" content="Jarmo Jääskeläinen 1937-2022 Jarmo Jääskeläinen &#8211; Finnish journalist, producer and director of documentaries. Jääskeläinen began his studies at the Łódź Film School in 1965, then stayed in Poland for many years, documenting the turbulent events of the 1970s and the 1980s thoroughly and without any censorship. He continued his career in Finland as a director, [&hellip;]" />
<meta property="og:url" content="https://www.krakowfilmfestival.pl/en/archiwum/dragon-of-dragons-2/" />
<meta property="og:site_name" content="Krakow Film Festival" />
<meta property="article:publisher" content="https://www.facebook.com/krakowfilmfest/" />
<meta property="article:modified_time" content="2022-10-20T17:04:16+00:00" />
<meta property="og:image" content="https://www.krakowfilmfestival.pl/wp-content/uploads/2022/01/szkola-filmowa-w-lodzi-i-rok-studiow-1965_66_1-729x507.jpg" />
<meta name="twitter:card" content="summary_large_image" />
<meta name="twitter:site" content="@krakowfilmfest" />
<script type="application/ld+json" class="yoast-schema-graph">{"@context":"https://schema.org","@graph":[{"@type":"Organization","@id":"https://www.krakowfilmfestival.pl/en/#organization","name":"Krakowski Festiwal Filmowy","url":"https://www.krakowfilmfestival.pl/en/","sameAs":["https://www.instagram.com/krakowfilmfestival/","https://www.youtube.com/user/KrakowFilmFoundation","https://pl.wikipedia.org/wiki/Krakowski_Festiwal_Filmowy","https://www.facebook.com/krakowfilmfest/","https://twitter.com/krakowfilmfest"],"logo":{"@type":"ImageObject","inLanguage":"en-US","@id":"https://www.krakowfilmfestival.pl/en/#/schema/logo/image/","url":"https://www.krakowfilmfestival.pl/wp-content/uploads/2024/03/logokff_uniwersalne.jpg","contentUrl":"https://www.krakowfilmfestival.pl/wp-content/uploads/2024/03/logokff_uniwersalne.jpg","width":1241,"height":699,"caption":"Krakowski Festiwal Filmowy"},"image":{"@id":"https://www.krakowfilmfestival.pl/en/#/schema/logo/image/"}},{"@type":"WebSite","@id":"https://www.krakowfilmfestival.pl/en/#website","url":"https://www.krakowfilmfestival.pl/en/","name":"Krakow Film Festival","description":"In Cracow since 1961","publisher":{"@id":"https://www.krakowfilmfestival.pl/en/#organization"},"potentialAction":[{"@type":"SearchAction","target":{"@type":"EntryPoint","urlTemplate":"https://www.krakowfilmfestival.pl/en/?s={search_term_string}"},"query-input":"required name=search_term_string"}],"inLanguage":"en-US"},{"@type":"ImageObject","inLanguage":"en-US","@id":"https://www.krakowfilmfestival.pl/en/archiwum/dragon-of-dragons-2/#primaryimage","url":"https://www.krakowfilmfestival.pl/wp-content/uploads/2022/01/szkola-filmowa-w-lodzi-i-rok-studiow-1965_66_1.jpg","contentUrl":"https://www.krakowfilmfestival.pl/wp-content/uploads/2022/01/szkola-filmowa-w-lodzi-i-rok-studiow-1965_66_1.jpg","width":1280,"height":890,"caption":"Jarmo Jaaskelainen - student I roku wydziału reżyserii, jesień 1965 r. Sala wykładowa - dzisiaj sala senatu."},{"@type":"WebPage","@id":"https://www.krakowfilmfestival.pl/en/archiwum/dragon-of-dragons-2/#webpage","url":"https://www.krakowfilmfestival.pl/en/archiwum/dragon-of-dragons-2/","name":"Dragon of Dragons - Krakow Film Festival","isPartOf":{"@id":"https://www.krakowfilmfestival.pl/en/#website"},"primaryImageOfPage":{"@id":"https://www.krakowfilmfestival.pl/en/archiwum/dragon-of-dragons-2/#primaryimage"},"datePublished":"2022-09-10T14:58:32+00:00","dateModified":"2022-10-20T17:04:16+00:00","breadcrumb":{"@id":"https://www.krakowfilmfestival.pl/en/archiwum/dragon-of-dragons-2/#breadcrumb"},"inLanguage":"en-US","potentialAction":[{"@type":"ReadAction","target":["https://www.krakowfilmfestival.pl/en/archiwum/dragon-of-dragons-2/"]}]},{"@type":"BreadcrumbList","@id":"https://www.krakowfilmfestival.pl/en/archiwum/dragon-of-dragons-2/#breadcrumb","itemListElement":[{"@type":"ListItem","position":1,"name":"Strona główna","item":"https://www.krakowfilmfestival.pl/en/"},{"@type":"ListItem","position":2,"name":"Dragon of Dragons"}]}]}</script>
<!-- / Yoast SEO plugin. -->

Jarmo Jääskeläinen 1937-2022 Jarmo Jääskeläinen &#8211; Finnish journalist, producer and director of documentaries. Jääskeläinen began his studies at the Łódź Film School in 1965, then stayed in Poland for many years, documenting the turbulent events of the 1970s and the 1980s thoroughly and without any censorship. He continued his career in Finland as a director, [&hellip;]

Jarmo Jaaskelainen - student I roku wydziału reżyserii, jesień 1965 r. Sala wykładowa - dzisiaj sala senatu.

Strona główna
