{"id":232,"date":"2016-04-19T21:03:28","date_gmt":"2016-04-19T19:03:28","guid":{"rendered":"http:\/\/www.krakowfilmfestival.pl\/en\/dla-mediow\/kontakt\/"},"modified":"2026-04-22T23:25:43","modified_gmt":"2026-04-22T21:25:43","slug":"kontakt","status":"publish","type":"page","link":"https:\/\/www.krakowfilmfestival.pl\/en\/about-festival\/for-media\/kontakt\/","title":{"rendered":"Press Office"},"content":{"rendered":"\n<p><\/p>\n\n\n\n<div class=\"wp-block-columns\">\n<div class=\"wp-block-column\" style=\"flex-basis:100%\">\n<div class=\"wp-block-columns\">\n<div class=\"wp-block-column\">\n<p><strong>Magdalena Walo<\/strong><br>PR manager<br><a href=\"mailto:magdalena.walo@kff.com.pl\">magdalena.walo@kff.com.pl<\/a><\/p>\n<\/div>\n\n\n\n<div class=\"wp-block-column\">\n<p><strong>Monika Babi\u0144ska<\/strong><br>Editor-in-chief<br><a href=\"mailto:monika.babinska@kff.com.pl\">monika.babinska@kff.com.pl<\/a><\/p>\n<\/div>\n<\/div>\n\n\n\n<div class=\"wp-block-columns\">\n<div class=\"wp-block-column\">\n<p><strong>Barbara Szyma\u0144ska<\/strong><br>Website editor-in-chief<br><a href=\"mailto:barbara.szymanska@kff.com.pl\">barbara.szymanska@kff.com.pl<\/a><\/p>\n<\/div>\n\n\n\n<div class=\"wp-block-column\">\n<p><strong>Micha\u0142 Kozub<\/strong><br>Graphic support<br><a href=\"mailto:michal.kozub@kff.com.pl\">michal.kozub@kff.com.pl<\/a><\/p>\n<\/div>\n<\/div>\n<\/div>\n<\/div>\n","protected":false},"excerpt":{"rendered":"<p>Magdalena WaloPR managermagdalena.walo@kff.com.pl Monika Babi\u0144skaEditor-in-chiefmonika.babinska@kff.com.pl Barbara Szyma\u0144skaWebsite editor-in-chiefbarbara.szymanska@kff.com.pl Micha\u0142 KozubGraphic supportmichal.kozub@kff.com.pl<\/p>\n","protected":false},"author":1,"featured_media":0,"parent":221,"menu_order":430,"comment_status":"closed","ping_status":"closed","template":"","meta":[],"acf":[],"yoast_head":"<!-- This site is optimized with the Yoast SEO plugin v18.9 - https:\/\/yoast.com\/wordpress\/plugins\/seo\/ -->\n<title>Press Office - Krakow Film Festival<\/title>\n<meta name=\"robots\" content=\"index, follow, max-snippet:-1, max-image-preview:large, max-video-preview:-1\" \/>\n<link rel=\"canonical\" href=\"https:\/\/www.krakowfilmfestival.pl\/en\/about-festival\/for-media\/kontakt\/\" \/>\n<meta property=\"og:locale\" content=\"en_US\" \/>\n<meta property=\"og:type\" content=\"article\" \/>\n<meta property=\"og:title\" content=\"Press Office - Krakow Film Festival\" \/>\n<meta property=\"og:description\" content=\"Magdalena WaloPR managermagdalena.walo@kff.com.pl Monika Babi\u0144skaEditor-in-chiefmonika.babinska@kff.com.pl Barbara Szyma\u0144skaWebsite editor-in-chiefbarbara.szymanska@kff.com.pl Micha\u0142 KozubGraphic supportmichal.kozub@kff.com.pl\" \/>\n<meta property=\"og:url\" content=\"https:\/\/www.krakowfilmfestival.pl\/en\/about-festival\/for-media\/kontakt\/\" \/>\n<meta property=\"og:site_name\" content=\"Krakow Film Festival\" \/>\n<meta property=\"article:publisher\" content=\"https:\/\/www.facebook.com\/krakowfilmfest\/\" \/>\n<meta property=\"article:modified_time\" content=\"2026-04-22T21:25:43+00:00\" \/>\n<meta property=\"og:image\" content=\"https:\/\/www.krakowfilmfestival.pl\/wp-content\/uploads\/2024\/03\/logokff_uniwersalne.jpg\" \/>\n\t<meta property=\"og:image:width\" content=\"1241\" \/>\n\t<meta property=\"og:image:height\" content=\"699\" \/>\n\t<meta property=\"og:image:type\" content=\"image\/jpeg\" \/>\n<meta name=\"twitter:card\" content=\"summary_large_image\" \/>\n<meta name=\"twitter:site\" content=\"@krakowfilmfest\" \/>\n<meta name=\"twitter:label1\" content=\"Est. reading time\" \/>\n\t<meta name=\"twitter:data1\" content=\"1 minute\" \/>\n<script type=\"application\/ld+json\" class=\"yoast-schema-graph\">{\"@context\":\"https:\/\/schema.org\",\"@graph\":[{\"@type\":\"Organization\",\"@id\":\"https:\/\/www.krakowfilmfestival.pl\/en\/#organization\",\"name\":\"Krakowski Festiwal Filmowy\",\"url\":\"https:\/\/www.krakowfilmfestival.pl\/en\/\",\"sameAs\":[\"https:\/\/www.instagram.com\/krakowfilmfestival\/\",\"https:\/\/www.youtube.com\/user\/KrakowFilmFoundation\",\"https:\/\/pl.wikipedia.org\/wiki\/Krakowski_Festiwal_Filmowy\",\"https:\/\/www.facebook.com\/krakowfilmfest\/\",\"https:\/\/twitter.com\/krakowfilmfest\"],\"logo\":{\"@type\":\"ImageObject\",\"inLanguage\":\"en-US\",\"@id\":\"https:\/\/www.krakowfilmfestival.pl\/en\/#\/schema\/logo\/image\/\",\"url\":\"https:\/\/www.krakowfilmfestival.pl\/wp-content\/uploads\/2024\/03\/logokff_uniwersalne.jpg\",\"contentUrl\":\"https:\/\/www.krakowfilmfestival.pl\/wp-content\/uploads\/2024\/03\/logokff_uniwersalne.jpg\",\"width\":1241,\"height\":699,\"caption\":\"Krakowski Festiwal Filmowy\"},\"image\":{\"@id\":\"https:\/\/www.krakowfilmfestival.pl\/en\/#\/schema\/logo\/image\/\"}},{\"@type\":\"WebSite\",\"@id\":\"https:\/\/www.krakowfilmfestival.pl\/en\/#website\",\"url\":\"https:\/\/www.krakowfilmfestival.pl\/en\/\",\"name\":\"Krakow Film Festival\",\"description\":\"In Cracow since 1961\",\"publisher\":{\"@id\":\"https:\/\/www.krakowfilmfestival.pl\/en\/#organization\"},\"potentialAction\":[{\"@type\":\"SearchAction\",\"target\":{\"@type\":\"EntryPoint\",\"urlTemplate\":\"https:\/\/www.krakowfilmfestival.pl\/en\/?s={search_term_string}\"},\"query-input\":\"required name=search_term_string\"}],\"inLanguage\":\"en-US\"},{\"@type\":\"WebPage\",\"@id\":\"https:\/\/www.krakowfilmfestival.pl\/en\/about-festival\/for-media\/kontakt\/#webpage\",\"url\":\"https:\/\/www.krakowfilmfestival.pl\/en\/about-festival\/for-media\/kontakt\/\",\"name\":\"Press Office - Krakow Film Festival\",\"isPartOf\":{\"@id\":\"https:\/\/www.krakowfilmfestival.pl\/en\/#website\"},\"datePublished\":\"2016-04-19T19:03:28+00:00\",\"dateModified\":\"2026-04-22T21:25:43+00:00\",\"breadcrumb\":{\"@id\":\"https:\/\/www.krakowfilmfestival.pl\/en\/about-festival\/for-media\/kontakt\/#breadcrumb\"},\"inLanguage\":\"en-US\",\"potentialAction\":[{\"@type\":\"ReadAction\",\"target\":[\"https:\/\/www.krakowfilmfestival.pl\/en\/about-festival\/for-media\/kontakt\/\"]}]},{\"@type\":\"BreadcrumbList\",\"@id\":\"https:\/\/www.krakowfilmfestival.pl\/en\/about-festival\/for-media\/kontakt\/#breadcrumb\",\"itemListElement\":[{\"@type\":\"ListItem\",\"position\":1,\"name\":\"Strona g\u0142\u00f3wna\",\"item\":\"https:\/\/www.krakowfilmfestival.pl\/en\/\"},{\"@type\":\"ListItem\",\"position\":2,\"name\":\"About festival\",\"item\":\"https:\/\/www.krakowfilmfestival.pl\/en\/about-festival\/\"},{\"@type\":\"ListItem\",\"position\":3,\"name\":\"For media\",\"item\":\"https:\/\/www.krakowfilmfestival.pl\/en\/64th-kff\/for-media\/\"},{\"@type\":\"ListItem\",\"position\":4,\"name\":\"Press Office\"}]}]}<\/script>\n<!-- \/ Yoast SEO plugin. -->","yoast_head_json":{"title":"Press Office - Krakow Film Festival","robots":{"index":"index","follow":"follow","max-snippet":"max-snippet:-1","max-image-preview":"max-image-preview:large","max-video-preview":"max-video-preview:-1"},"canonical":"https:\/\/www.krakowfilmfestival.pl\/en\/about-festival\/for-media\/kontakt\/","og_locale":"en_US","og_type":"article","og_title":"Press Office - Krakow Film Festival","og_description":"Magdalena WaloPR managermagdalena.walo@kff.com.pl Monika Babi\u0144skaEditor-in-chiefmonika.babinska@kff.com.pl Barbara Szyma\u0144skaWebsite editor-in-chiefbarbara.szymanska@kff.com.pl Micha\u0142 KozubGraphic supportmichal.kozub@kff.com.pl","og_url":"https:\/\/www.krakowfilmfestival.pl\/en\/about-festival\/for-media\/kontakt\/","og_site_name":"Krakow Film Festival","article_publisher":"https:\/\/www.facebook.com\/krakowfilmfest\/","article_modified_time":"2026-04-22T21:25:43+00:00","og_image":[{"width":1241,"height":699,"url":"https:\/\/www.krakowfilmfestival.pl\/wp-content\/uploads\/2024\/03\/logokff_uniwersalne.jpg","type":"image\/jpeg"}],"twitter_card":"summary_large_image","twitter_site":"@krakowfilmfest","twitter_misc":{"Est. reading time":"1 minute"},"schema":{"@context":"https:\/\/schema.org","@graph":[{"@type":"Organization","@id":"https:\/\/www.krakowfilmfestival.pl\/en\/#organization","name":"Krakowski Festiwal Filmowy","url":"https:\/\/www.krakowfilmfestival.pl\/en\/","sameAs":["https:\/\/www.instagram.com\/krakowfilmfestival\/","https:\/\/www.youtube.com\/user\/KrakowFilmFoundation","https:\/\/pl.wikipedia.org\/wiki\/Krakowski_Festiwal_Filmowy","https:\/\/www.facebook.com\/krakowfilmfest\/","https:\/\/twitter.com\/krakowfilmfest"],"logo":{"@type":"ImageObject","inLanguage":"en-US","@id":"https:\/\/www.krakowfilmfestival.pl\/en\/#\/schema\/logo\/image\/","url":"https:\/\/www.krakowfilmfestival.pl\/wp-content\/uploads\/2024\/03\/logokff_uniwersalne.jpg","contentUrl":"https:\/\/www.krakowfilmfestival.pl\/wp-content\/uploads\/2024\/03\/logokff_uniwersalne.jpg","width":1241,"height":699,"caption":"Krakowski Festiwal Filmowy"},"image":{"@id":"https:\/\/www.krakowfilmfestival.pl\/en\/#\/schema\/logo\/image\/"}},{"@type":"WebSite","@id":"https:\/\/www.krakowfilmfestival.pl\/en\/#website","url":"https:\/\/www.krakowfilmfestival.pl\/en\/","name":"Krakow Film Festival","description":"In Cracow since 1961","publisher":{"@id":"https:\/\/www.krakowfilmfestival.pl\/en\/#organization"},"potentialAction":[{"@type":"SearchAction","target":{"@type":"EntryPoint","urlTemplate":"https:\/\/www.krakowfilmfestival.pl\/en\/?s={search_term_string}"},"query-input":"required name=search_term_string"}],"inLanguage":"en-US"},{"@type":"WebPage","@id":"https:\/\/www.krakowfilmfestival.pl\/en\/about-festival\/for-media\/kontakt\/#webpage","url":"https:\/\/www.krakowfilmfestival.pl\/en\/about-festival\/for-media\/kontakt\/","name":"Press Office - Krakow Film Festival","isPartOf":{"@id":"https:\/\/www.krakowfilmfestival.pl\/en\/#website"},"datePublished":"2016-04-19T19:03:28+00:00","dateModified":"2026-04-22T21:25:43+00:00","breadcrumb":{"@id":"https:\/\/www.krakowfilmfestival.pl\/en\/about-festival\/for-media\/kontakt\/#breadcrumb"},"inLanguage":"en-US","potentialAction":[{"@type":"ReadAction","target":["https:\/\/www.krakowfilmfestival.pl\/en\/about-festival\/for-media\/kontakt\/"]}]},{"@type":"BreadcrumbList","@id":"https:\/\/www.krakowfilmfestival.pl\/en\/about-festival\/for-media\/kontakt\/#breadcrumb","itemListElement":[{"@type":"ListItem","position":1,"name":"Strona g\u0142\u00f3wna","item":"https:\/\/www.krakowfilmfestival.pl\/en\/"},{"@type":"ListItem","position":2,"name":"About festival","item":"https:\/\/www.krakowfilmfestival.pl\/en\/about-festival\/"},{"@type":"ListItem","position":3,"name":"For media","item":"https:\/\/www.krakowfilmfestival.pl\/en\/64th-kff\/for-media\/"},{"@type":"ListItem","position":4,"name":"Press Office"}]}]}},"_links":{"self":[{"href":"https:\/\/www.krakowfilmfestival.pl\/en\/wp-json\/wp\/v2\/pages\/232"}],"collection":[{"href":"https:\/\/www.krakowfilmfestival.pl\/en\/wp-json\/wp\/v2\/pages"}],"about":[{"href":"https:\/\/www.krakowfilmfestival.pl\/en\/wp-json\/wp\/v2\/types\/page"}],"author":[{"embeddable":true,"href":"https:\/\/www.krakowfilmfestival.pl\/en\/wp-json\/wp\/v2\/users\/1"}],"replies":[{"embeddable":true,"href":"https:\/\/www.krakowfilmfestival.pl\/en\/wp-json\/wp\/v2\/comments?post=232"}],"version-history":[{"count":10,"href":"https:\/\/www.krakowfilmfestival.pl\/en\/wp-json\/wp\/v2\/pages\/232\/revisions"}],"predecessor-version":[{"id":74664,"href":"https:\/\/www.krakowfilmfestival.pl\/en\/wp-json\/wp\/v2\/pages\/232\/revisions\/74664"}],"up":[{"embeddable":true,"href":"https:\/\/www.krakowfilmfestival.pl\/en\/wp-json\/wp\/v2\/pages\/221"}],"wp:attachment":[{"href":"https:\/\/www.krakowfilmfestival.pl\/en\/wp-json\/wp\/v2\/media?parent=232"}],"curies":[{"name":"wp","href":"https:\/\/api.w.org\/{rel}","templated":true}]}}

<p></p>



<div class="wp-block-columns">
<div class="wp-block-column" style="flex-basis:100%">
<div class="wp-block-columns">
<div class="wp-block-column">
<p><strong>Magdalena Walo</strong><br>PR manager<br><a href="mailto:magdalena.walo@kff.com.pl">magdalena.walo@kff.com.pl</a></p>
</div>



<div class="wp-block-column">
<p><strong>Monika Babińska</strong><br>Editor-in-chief<br><a href="mailto:monika.babinska@kff.com.pl">monika.babinska@kff.com.pl</a></p>
</div>
</div>



<div class="wp-block-columns">
<div class="wp-block-column">
<p><strong>Barbara Szymańska</strong><br>Website editor-in-chief<br><a href="mailto:barbara.szymanska@kff.com.pl">barbara.szymanska@kff.com.pl</a></p>
</div>



<div class="wp-block-column">
<p><strong>Michał Kozub</strong><br>Graphic support<br><a href="mailto:michal.kozub@kff.com.pl">michal.kozub@kff.com.pl</a></p>
</div>
</div>
</div>
</div>

<p>Magdalena WaloPR managermagdalena.walo@kff.com.pl Monika BabińskaEditor-in-chiefmonika.babinska@kff.com.pl Barbara SzymańskaWebsite editor-in-chiefbarbara.szymanska@kff.com.pl Michał KozubGraphic supportmichal.kozub@kff.com.pl</p>

<!-- This site is optimized with the Yoast SEO plugin v18.9 - https://yoast.com/wordpress/plugins/seo/ -->
<title>Press Office - Krakow Film Festival</title>
<meta name="robots" content="index, follow, max-snippet:-1, max-image-preview:large, max-video-preview:-1" />
<link rel="canonical" href="https://www.krakowfilmfestival.pl/en/about-festival/for-media/kontakt/" />
<meta property="og:locale" content="en_US" />
<meta property="og:type" content="article" />
<meta property="og:title" content="Press Office - Krakow Film Festival" />
<meta property="og:description" content="Magdalena WaloPR managermagdalena.walo@kff.com.pl Monika BabińskaEditor-in-chiefmonika.babinska@kff.com.pl Barbara SzymańskaWebsite editor-in-chiefbarbara.szymanska@kff.com.pl Michał KozubGraphic supportmichal.kozub@kff.com.pl" />
<meta property="og:url" content="https://www.krakowfilmfestival.pl/en/about-festival/for-media/kontakt/" />
<meta property="og:site_name" content="Krakow Film Festival" />
<meta property="article:publisher" content="https://www.facebook.com/krakowfilmfest/" />
<meta property="article:modified_time" content="2026-04-22T21:25:43+00:00" />
<meta property="og:image" content="https://www.krakowfilmfestival.pl/wp-content/uploads/2024/03/logokff_uniwersalne.jpg" />
	<meta property="og:image:width" content="1241" />
	<meta property="og:image:height" content="699" />
	<meta property="og:image:type" content="image/jpeg" />
<meta name="twitter:card" content="summary_large_image" />
<meta name="twitter:site" content="@krakowfilmfest" />
<meta name="twitter:label1" content="Est. reading time" />
	<meta name="twitter:data1" content="1 minute" />
<script type="application/ld+json" class="yoast-schema-graph">{"@context":"https://schema.org","@graph":[{"@type":"Organization","@id":"https://www.krakowfilmfestival.pl/en/#organization","name":"Krakowski Festiwal Filmowy","url":"https://www.krakowfilmfestival.pl/en/","sameAs":["https://www.instagram.com/krakowfilmfestival/","https://www.youtube.com/user/KrakowFilmFoundation","https://pl.wikipedia.org/wiki/Krakowski_Festiwal_Filmowy","https://www.facebook.com/krakowfilmfest/","https://twitter.com/krakowfilmfest"],"logo":{"@type":"ImageObject","inLanguage":"en-US","@id":"https://www.krakowfilmfestival.pl/en/#/schema/logo/image/","url":"https://www.krakowfilmfestival.pl/wp-content/uploads/2024/03/logokff_uniwersalne.jpg","contentUrl":"https://www.krakowfilmfestival.pl/wp-content/uploads/2024/03/logokff_uniwersalne.jpg","width":1241,"height":699,"caption":"Krakowski Festiwal Filmowy"},"image":{"@id":"https://www.krakowfilmfestival.pl/en/#/schema/logo/image/"}},{"@type":"WebSite","@id":"https://www.krakowfilmfestival.pl/en/#website","url":"https://www.krakowfilmfestival.pl/en/","name":"Krakow Film Festival","description":"In Cracow since 1961","publisher":{"@id":"https://www.krakowfilmfestival.pl/en/#organization"},"potentialAction":[{"@type":"SearchAction","target":{"@type":"EntryPoint","urlTemplate":"https://www.krakowfilmfestival.pl/en/?s={search_term_string}"},"query-input":"required name=search_term_string"}],"inLanguage":"en-US"},{"@type":"WebPage","@id":"https://www.krakowfilmfestival.pl/en/about-festival/for-media/kontakt/#webpage","url":"https://www.krakowfilmfestival.pl/en/about-festival/for-media/kontakt/","name":"Press Office - Krakow Film Festival","isPartOf":{"@id":"https://www.krakowfilmfestival.pl/en/#website"},"datePublished":"2016-04-19T19:03:28+00:00","dateModified":"2026-04-22T21:25:43+00:00","breadcrumb":{"@id":"https://www.krakowfilmfestival.pl/en/about-festival/for-media/kontakt/#breadcrumb"},"inLanguage":"en-US","potentialAction":[{"@type":"ReadAction","target":["https://www.krakowfilmfestival.pl/en/about-festival/for-media/kontakt/"]}]},{"@type":"BreadcrumbList","@id":"https://www.krakowfilmfestival.pl/en/about-festival/for-media/kontakt/#breadcrumb","itemListElement":[{"@type":"ListItem","position":1,"name":"Strona główna","item":"https://www.krakowfilmfestival.pl/en/"},{"@type":"ListItem","position":2,"name":"About festival","item":"https://www.krakowfilmfestival.pl/en/about-festival/"},{"@type":"ListItem","position":3,"name":"For media","item":"https://www.krakowfilmfestival.pl/en/64th-kff/for-media/"},{"@type":"ListItem","position":4,"name":"Press Office"}]}]}</script>
<!-- / Yoast SEO plugin. -->

Magdalena WaloPR managermagdalena.walo@kff.com.pl Monika BabińskaEditor-in-chiefmonika.babinska@kff.com.pl Barbara SzymańskaWebsite editor-in-chiefbarbara.szymanska@kff.com.pl Michał KozubGraphic supportmichal.kozub@kff.com.pl

Strona główna
